 48. Let g(j) = 7*j**2 + 11*j + 15. Is g(p) a composite number?
True
Let j(p) = 41*p + 25. Let l be j(-1). Is ((-8)/(-12))/(l/(-97176)) a prime number?
True
Suppose -k = f - 8, 8 + 0 = -3*k + 5*f. Suppose 0*r = -2*c + 3*r - 8, 2*c - 20 = -4*r. Suppose -v + c*d + 1219 = -0*d, 0 = v + k*d - 1249. Is v prime?
True
Let b be 1 - 4*(-68)/8. Is 6110/14 + 20/b a composite number?
True
Let b be (9/6 - 3)/((-1)/2). Let c be 32*b/6*(-3)/2. Is (-22 + 0)/(c/1524) a composite number?
True
Let s(b) be the third derivative of -b**9/60480 + 449*b**6/720 - b**5/12 + 15*b**2. Let v(k) be the third derivative of s(k). Is v(0) composite?
False
Suppose 7*r = -2*q + 3*r + 184, -5*r = 0. Suppose q*u = 96*u - 1868. Is u a composite number?
False
Suppose 17*b = 5*b + 204. Suppose 9*m - 224 = -b. Is (m/3)/(3/207) a composite number?
True
Suppose 2*y - 4*v - 1340 = 1580, 5*v - 5 = 0. Let g = 163 - -340. Suppose y = 3*x - g. Is x a composite number?
True
Let j be (-2)/3*(-6 + 3). Suppose -2*c = -5*f - 16, -j*c - f = -3*f - 10. Suppose c*x = 3, 5*a = x + 3140 + 2074. Is a a composite number?
True
Suppose 5*y = -20, 164*k = 161*k - 5*y + 52345. Is k a composite number?
True
Suppose -3*j + 938191 = 1373*s - 1369*s, -4*s = 5*j - 1563657. Is j prime?
False
Is (-119550363)/(-86) - (-2)/4 a prime number?
True
Suppose 4*b + 2*o = 8, b - o + 4 = -3*o. Suppose 6*h - h + b*y - 790 = 0, 2*h = -y + 316. Suppose -h = 4*s - 1386. Is s composite?
False
Let j be 5 - (-3 + 36/(-3)). Suppose 0 = 8*p + j*p - 96796. Is p a composite number?
False
Let g = 4922 + 5205. Let t = g + -5718. Is t prime?
True
Let v = -8739 - -12380. Is v prime?
False
Let u be (-3 + 124/20)*5/2. Let v be 169608/60 - u/10. Is (v/(-12))/((-9)/6) composite?
False
Suppose -10*m + 12 + 38 = 0. Suppose 5*p = v + 1903, 0 = m*p + v - 1866 - 41. Is p prime?
False
Suppose 4*o = -w + 1404, 2*w + 2*o = 4*w - 2828. Let m(u) = 10*u**3 - u**2 - 2*u + 3. Let p be m(1). Is (-8)/40 + w/p a prime number?
False
Suppose -60*b = -3*r - 64*b + 184879, 0 = -2*r + 3*b + 123230. Is r a prime number?
False
Suppose 11*i = 9*i - 84. Is (-7)/i - (-37995)/18 a prime number?
True
Let z(t) = 3*t - 23. Let v be z(9). Suppose -24 + v = -5*a. Suppose -a*d + 728 - 20 = 0. Is d a composite number?
True
Suppose 0*s - 132007 = -14*s + 791307. Is s a prime number?
True
Let h(t) = 14*t + 15. Let c(l) = 7*l**2 + 2 - 6*l**2 + l + 8*l**2. Let u be c(-1). Is h(u) composite?
True
Suppose -28908449 + 243784209 = 440*x. Is x composite?
True
Let s(z) = -z**2 - 15*z - 42. Let v be s(-13). Suppose -4*a - j = 4, 4*j - 8 = 5*a - 3. Is (4/v*-94)/(a/(-2)) composite?
False
Suppose 97*l - 18 = 103*l. Is l/15 + (70830/25 - 0) a prime number?
True
Let z be 90/36*3398/5. Let b = z - 892. Is b a composite number?
True
Suppose 13876 = 4*t + 4*d, -t + 16*d = 15*d - 3479. Let h = t - -1163. Is h a composite number?
False
Suppose 2*r - 731926 = -4*a, 1097952 = -7*r + 10*r - 3*a. Is r a prime number?
False
Let z = 302959 - 204572. Is z a prime number?
True
Let a(d) = -d**3 - 19*d**2 - 51*d + 81. Let n be a(-25). Let p = -2273 + n. Is p a prime number?
True
Suppose 101424 = -17*x + 453528. Suppose -16*y + 4232 = -x. Is y a composite number?
False
Suppose -9*z = -3*f - 399600, -f - 34900 = -4*z + 142699. Is z composite?
True
Suppose -1079 - 651 = -10*f. Suppose p - 3*l - f - 984 = 0, 5*p + 5*l = 5825. Is p a composite number?
False
Suppose -q - 3372 = -7*n + 4*n, 16788 = -5*q - 3*n. Let d = q - -7751. Is d prime?
True
Let i = -23 + 25. Let t be 249 - (2 - (0 + i)). Suppose -2*o = -t - 49. Is o prime?
True
Suppose 0 = -m + 5*m + 28*m - 12877088. Is m composite?
True
Let h(p) = -2*p**3 - 32*p**2 - 5*p + 5. Let v be h(-26). Let q = 19321 - v. Is q a composite number?
True
Suppose 4*h = 4*i + 803352, -379*i + 383*i + 1004195 = 5*h. Is h composite?
False
Let p(b) = 7*b - 137. Let c be p(19). Is 6 - (c + -750 + 7) a composite number?
True
Let k(r) = 151*r**2 + 23*r**2 + 13 - 78*r**2 + 18*r - 18*r. Let c(h) = -2*h - 9. Let w be c(-7). Is k(w) composite?
True
Let i(d) = d**2 + 6*d - 16. Let k be i(-8). Let j be (k - -3) + (1 - 4). Suppose j = -5*q - c + 3985, 4*q = q - 4*c + 2391. Is q a composite number?
False
Let n be 68/((16/14)/(-4)). Let u = 717 + n. Suppose -a + k = 6*k - u, a - 479 = -3*k. Is a prime?
True
Let z(k) = 3*k**3 - 13*k**2 - k + 3. Let f be z(4). Is f + 4 - -6 - -302 a prime number?
False
Let a(z) = -z**2 + 14*z - 24. Let u be a(11). Let f(g) = 8 + 86*g + u - 5 + 153*g. Is f(5) composite?
True
Let x(k) = -16*k - 62. Let a be x(-4). Suppose 0 = -5*c + a*m + 5585, 5*c - 315 = 3*m + 5270. Is c composite?
False
Suppose 9*n - 9 = 27. Suppose -3*o + 4 = 5*x - 39, x = n*o + 4. Suppose 8669 = x*s - 6539. Is s composite?
False
Let l(x) = -22*x - 88. Let f be l(-4). Suppose 23*h + 15725 - 73156 = f. Is h a composite number?
True
Let x be (-136)/170*15/2. Is 54/(-81) - 15658/x composite?
False
Let z(a) = -5440*a**3 + a**2 + 43*a + 209. Is z(-6) a prime number?
False
Is (43154/4)/((-288)/960)*-3 composite?
True
Suppose 17 = -3*t + 5. Let s be (-42)/t + (-2)/(-4). Suppose s*p = 6*p + 3785. Is p composite?
False
Let v = -332 + 233. Let j = 290 + v. Suppose 13*a = 12*a + j. Is a composite?
False
Let g = 80730 - 34253. Is g composite?
False
Let d be (-8703)/135*-5*-6. Suppose 317 = -3*i - 3034. Let f = i - d. Is f a composite number?
True
Suppose -5*p + 132184 + 22651 = 0. Is p a prime number?
False
Let m(y) = 32*y**3 - 2*y**2 - 57*y - 1. Is m(18) prime?
True
Suppose -51234 = -i + p - 4376, -i - p + 46848 = 0. Is i prime?
True
Is (-3)/((-22303064)/(-3186155) - 7) a prime number?
False
Let p(i) = 55*i - 16. Let j = 232 + -163. Suppose -71*v = -j*v - 10. Is p(v) prime?
False
Suppose 15 = 5*p, 203*p = 5*f + 206*p - 10992404. Is f prime?
False
Suppose 13*z - 6 = 11*z. Suppose v - a = 2767, -3*a + 2783 = z*v - 2*v. Is v composite?
True
Let c(u) = -2*u**3 - u**2 + 51665. Is c(0) composite?
True
Let h be 1*-25*5/(-25). Let j(m) = 708*m**2 + 11*m - 26. Is j(h) a composite number?
False
Suppose -19*k - 3514120 + 10471787 = 0. Suppose 0 = -14*w + k + 581593. Is w a composite number?
False
Let s = 73221 - 6652. Is s composite?
False
Let u be (6/(-15)*2)/((-4)/(-110)). Let r(k) = 29*k**2 + 6*k + 59. Is r(u) composite?
False
Suppose -1642*g + 1663*g = 32991. Is g composite?
False
Let a(j) = -3*j**3 - 99*j**2 - 459*j + 131. Is a(-62) prime?
True
Let m(z) = 18*z**3 - 2*z**2 + 4*z - 1. Let j be m(3). Let w(v) = 2*v - 29. Let l be w(16). Suppose j = l*t - 328. Is t a prime number?
True
Suppose 0 = 2*w - w + 4, -4*x + 3*w = 12. Let h = x + -17. Let r(c) = -3*c + 44. Is r(h) a composite number?
False
Is (-4)/(-10) - (-41240)/25 - (112 + -119) prime?
True
Let z = -17509 - -44310. Is z a composite number?
False
Let y(o) = 3*o**2 + 0*o**2 + 2*o**2 - 9 - 4 - 6*o. Suppose -24*k = -21*k - 24. Is y(k) a prime number?
False
Let z be (-370)/45 + 2/9. Let a = 147 + 2801. Is (z/(-16))/(2/a) a prime number?
False
Let k(h) = 385*h**2 - 113*h + 79. Is k(-16) a prime number?
True
Suppose 92904 = -5*r + 19*r. Let g be (r/(-36))/(1/6). Let h = 296 - g. Is h prime?
False
Let c(z) = -1218*z + 19. Let h be c(-7). Suppose -6*j = -h + 1843. Is j a prime number?
True
Let x be (-1404)/90 + (-2)/5. Suppose -2*h - 2*h + 660 = 0. Let i = h + x. Is i prime?
True
Let s(i) = 254*i - 48. Is s(1) a prime number?
False
Let c(r) = r**3 + r**2 - r + 1330. Let g be c(0). Let l = -328 - 139. Let a = g + l. Is a a prime number?
True
Let m(r) = -264*r - 41. Let p be m(-7). Let j = p - 170. Is j prime?
True
Let o = 15807 + -10138. Is o prime?
True
Suppose m - 2*f + 15 = 0, -2*f - 16 = 2*m + 14. Is ((-19310)/8)/(m/60) a composite number?
True
Let n be (-1)/(1*-4) + (-145)/20. Let q = 541 - n. Let w = q + 1071. Is w a composite number?
False
Let b(g) = 2*g**3 - 28*g**2 + 3*g - 38. Let w be b(14). Is ((-13)/w - -1)/(24/(-17312)) a prime number?
False
Let s(x) = 2*x**3 - 11*x**2 - 7*x + 453. Let p(z) = z**3 - 5*z**2 - 3*z + 227. Let i(k) = -7*p(k) + 3*s(k). Let r be i(0). Let c = 547 + r. Is c a prime number?
True
Let d = 3849 - -25114. Is d composite?
True
Let a = 10 + -187. Let z = a + 1154. Is z a prime number?
True
Is (-12)/5 - (-884598)/195 composite?
True
Let i = 2580632 + -1460497. Is i composite?
True
Let y = 2132 + -4104. Let s = 1686 - y